-80 + 136. What is the tens digit of z?
5
Let s(g) = g**3 - 2*g**2 - 2*g + 2. Let u be s(3). Suppose 0 = -5*o + u + 15. Suppose -o*p + q = -20, -q - 12 = 2*q. What is the units digit of p?
4
Let f(j) = j**3 - 11*j**2 + 6*j + 7. What is the tens digit of f(11)?
7
Let c(o) = -o**3 + 8*o**2 - 2*o - 4. What is the units digit of c(7)?
1
Let i = -3 - -4. Let p = 3 + i. Suppose -3*z = 2*l - 13, -p*l + z + 41 = l. What is the units digit of l?
8
Suppose 0 = -3*v + 5*v - 6. Suppose -i + 6 - 1 = 0. Suppose 22 = -v*k + i*k. What is the tens digit of k?
1
Suppose -4*t = -2*r + 152, -t - 3*t + 310 = 5*r. Suppose 12 + r = 2*j. Suppose 5*d + j = 2*z, 0*z + 5*z - 2*d = 66. What is the units digit of z?
2
What is the hundreds digit of (2 - 5 - 157)*-1?
1
Let s(o) be the first derivative of -o**4/4 - 2*o**3 + 7*o**2/2 + 7*o + 10. What is the units digit of s(-7)?
7
Let z(w) = -7*w**3 + 6*w**2 - 8*w - 1. Let c(y) = 3*y**3 - 3*y**2 + 4*y + 1. Let h(q) = 9*c(q) + 4*z(q). What is the units digit of h(-4)?
5
Let n(w) = 2*w + 6. Let t be n(-4). Suppose 3*b + 6 + 9 = 3*s, 3*s - 10 = 2*b. Let l = t - b. What is the units digit of l?
3
Suppose 0 = -3*k - 2*k. Suppose 10 = -k*h + h. What is the units digit of (-12)/10*h/(-3)?
4
Suppose -4*n + 15 = n. Let l = n - 4. Let v = 6 + l. What is the units digit of v?
5
Let o = 31 - 11. Let s = -8 + o. What is the tens digit of s?
1
Let v(d) = 3*d**2 + d. Let y be v(-1). Suppose -6*f = -2*f + s - 56, 5*f - y*s = 83. What is the units digit of 21/f - 3/(-5)?
2
Let h(s) be the third derivative of -1/6*s**3 + 2*s**2 - 5/24*s**4 + 0 + 0*s. What is the units digit of h(-1)?
4
Suppose 4*z + 4 = 2*a - 2, -3*z = -4*a + 37. Let h = -5 + -3. Let c = a + h. What is the units digit of c?
5
Suppose -5*m = -5*x - 40, -m - 11 = 5*x - 1. Suppose 4*t = m*t - 10. What is the tens digit of t?
1
Let w(i) = 5*i**2 + 3*i + 2. Let d(t) = t**2 + 6*t + 3. Let n be d(-5). Let j be w(n). Suppose 5*h - j = h. What is the units digit of h?
4
Let x(k) = -k + 21. Let c be x(9). Suppose 2*d + c = 4*h, -5*d + 2*h + 2*h - 18 = 0. What is the units digit of -10*(6/4 + d)?
5
Let p(m) = -m - 11. Let v be p(-8). Let t = -1 - v. Suppose 7*q - 50 = t*q. What is the tens digit of q?
1
Let g = -13 - -55. What is the tens digit of g?
4
What is the units digit of (-136 - 2)/(5 + -7)?
9
Let d(z) = 5*z + 3. What is the units digit of d(9)?
8
Suppose -3 = o + 5. Let s = o - -9. What is the units digit of s?
1
Let t(r) = r**3 - 5*r**2 - 6*r + 3. What is the units digit of t(6)?
3
Let n be (-2*1)/(2 + -1). Let q be 4/(-14) - n/7. Suppose q = -3*u - 0*u - 4*k + 34, 3*u + k - 22 = 0. What is the units digit of u?
6
Suppose -a - 3 + 2 = 0. Let u = a + 4. Suppose 4 = 2*p, -u*p + 31 + 11 = 4*w. What is the units digit of w?
9
Let f(v) = 2*v**2 - 3*v - 13. What is the tens digit of f(7)?
6
Let p(v) = -v**2 - v + 40. Let s be p(0). Suppose -3*w + s = -6*w + 5*t, -2*w + 2*t - 28 = 0. What is the units digit of (-6)/8 - w/4?
3
Suppose 7*z = 3*z - 12. Let f(u) = -4*u - 3. Let v be f(z). Suppose -4*o - v = -j - 21, o = -4*j + 20. What is the units digit of o?
4
Suppose 3*w + 6 = 0, 0 = -3*b + 7*w - 2*w + 52. What is the tens digit of b?
1
Let i(o) = -o**3 + 9*o**2 - o - 5. What is the tens digit of i(3)?
4
What is the tens digit of (-1 - (4 - 4))*-19?
1
Let p be (-5)/8*2*-24. Suppose -5*z + 85 = p. What is the units digit of z?
1
Suppose 0 = -3*y + 5*y. Let w be 4 + (y - (-1 + 0)). Suppose g + 2*c = w + 2, -21 = -3*g - 3*c. What is the units digit of g?
7
Let f be 1 - (3 + -2)*2. Let o(w) = -2*w. What is the units digit of o(f)?
2
Let z(u) = -u**3 + u**2 + 12. What is the tens digit of z(0)?
1
Suppose 150 = 6*k - k. What is the units digit of k?
0
Suppose -12*f + 7*f + 80 = 0. Let r = 20 + f. What is the units digit of r?
6
Let b(t) be the second derivative of t**4/12 + 8*t**2 + 4*t. What is the tens digit of b(0)?
1
Suppose 5*s - 79 = 21. What is the units digit of s?
0
Let d be (-30)/2*(-45)/25. Suppose 3*n = -f + 9, 0*n - 3*n + d = -5*f. What is the units digit of n?
4
Let r be (3 - 4)*12/(-3). Suppose -r*l - 106 = -8*l - 2*y, 3*l - 81 = -2*y. What is the units digit of l?
5
Suppose 5*g + 7 = 4*b - 6, 0 = -4*g - 2*b. Let w be 1 + 1 + g - -2. What is the units digit of (w/(-1))/6*-2?
1
Let c be 7 - (-3)/(-6)*2. Suppose c*i - 3*i - 15 = 0. Suppose 2*s - i*g = 25, s - 5*g - 20 = -0*s. What is the units digit of s?
5
What is the hundreds digit of -59*((-12)/24)/(1/10)?
2
Suppose -4*f + 4*x + 307 = 5*x, 0 = -3*f - 4*x + 227. What is the tens digit of f?
7
Suppose 6 = y - 5*g, -39 = 3*y + g + 3*g. What is the units digit of (y/(-6))/(5/30)?
9
Let s(a) = a + 18. Let i be s(0). What is the tens digit of (-4)/i - (-454)/18?
2
Let y = -23 + 51. Suppose y = 4*l - 56. What is the units digit of (l/6)/(2/4)?
7
Suppose -4*q = 8, -4*c + 5*q - 8 + 90 = 0. What is the tens digit of c?
1
Let v(i) = 15*i**2 + 2*i - 1. What is the units digit of v(-4)?
1
Suppose 2*s = 6*s, 4 = -2*v - 5*s. Let f(m) = -2*m**3 - 3*m**2 - 4*m - 3. What is the units digit of f(v)?
9
Let u = 23 - -10. Let i be 1/3 + u/9. Suppose -51 = -3*l + i*a, -4*a = 3*l + 13 - 40. What is the units digit of l?
3
Let q be 49/21 + (-1)/3. Let b = q - 0. What is the units digit of b?
2
Let l(q) = q + 9. Let m be l(-8). Suppose -3*d - 108 = -3*w, -2*d - 34 = -w + m. What is the tens digit of w?
3
Suppose 3*u - 39 = 54. Suppose 3 = -p + u. Suppose 5 = 5*s - 5, 2*g - p = 4*s. What is the units digit of g?
8
Let u be 1 - 2*3/(-6). Suppose -5*r + 4*y + 6 + u = 0, -5*r - 10 = 5*y. Let g(n) = -n + 4. What is the units digit of g(r)?
4
Let c = 69 + -39. What is the tens digit of c?
3
Suppose 9 = -3*l, 3*l = 3*b + l - 81. What is the tens digit of b?
2
Suppose -347*i + 344*i + 9 = 0. What is the units digit of i?
3
Suppose -2*r + 0*r + 6 = 0. Suppose -r*n - 2*l = -7, 0 - 13 = -3*n + 4*l. What is the units digit of n?
3
Let w(l) = -l**2 - l - 1. Let t be w(10). What is the tens digit of (-2)/6*(t + 18)?
3
Let b = -18 - -9. Let p(a) = -a + 4. What is the units digit of p(b)?
3
Let i(g) = -g**2 + g + 1. Let l(v) = v**3 - 6*v**2 + 6*v - 15. Let f(u) = 5*i(u) - l(u). What is the units digit of f(0)?
0
What is the tens digit of (1 + -3)/(-4 - (-1374)/345)?
1
Suppose 4*h = -46 + 206. Suppose -1 + h = 3*b. What is the tens digit of b?
1
Let w(y) = -6*y - 35. What is the units digit of w(-11)?
1
Suppose 2*r + 4*l = -3 + 19, -4*r - 3*l + 57 = 0. What is the tens digit of r?
1
Let x = 65 - -125. What is the units digit of x?
0
Let i = -133 - -348. What is the units digit of i?
5
Let x(a) be the third derivative of -a**4/24 - a**3/6 + 4*a**2. Suppose 0 = -v - v - 4. What is the units digit of x(v)?
1
Let c = -2 - -4. Suppose 103 = 5*o + 4*r, -r = -o - c*r + 20. What is the tens digit of o?
2
Let b = 54 + -14. What is the units digit of (-2)/3 + b/15?
2
Let v be 6/4*10/3. Suppose 5*j - 12 = 2*h, -5*h - v = -0. Suppose -j*i = i - 57. What is the tens digit of i?
1
Suppose 697 = 3*x - 5*t, -x + 0*t + 2*t + 233 = 0. Suppose -5*a - g + x = -5*g, 4*a = 4*g + 184. What is the units digit of a?
5
Let d = 8 - 8. Suppose d = -3*q - 24 - 21. What is the tens digit of 9/q - 219/(-15)?
1
Suppose -5*o - 5*p - 7 = -2*p, -2*o - 4*p = 14. What is the tens digit of (4 - 7) + 14*o?
1
Let z(y) = -4 + 2*y + 7*y**2 - 3*y + 5*y - y**3. What is the tens digit of z(7)?
2
Let h(s) = 64*s**2 + s. Let g be h(1). Suppose -7*j + g = -2*j. What is the units digit of j?
3
Let y(r) = -r**2 + 16*r - 13. What is the units digit of y(8)?
1
Suppose 5*u + 30 = -4*z + z, 0 = 4*z - u + 17. Let f = z - -9. Suppose -f*i = 5*k + i - 60, 0 = 4*k + i - 45. What is the tens digit of k?
1
Let b = 18 - 11. What is the units digit of b - (0/3)/(-3)?
7
Let m(g) = g**3 - g**2 + 40. What is the tens digit of m(0)?
4
Let q(a) be the third derivative of -a**4/12 - 5*a**3/6 + a**2. Let c = 0 + -10. What is the tens digit of q(c)?
1
Let u = 4 - -4. Let s = u + -5. Suppose -5*p - 12 = z, -z = -3*z - 3*p - s. What is the units digit of z?
3
Let d = 35 + -49. Let k = -2 - d. What is the tens digit of k?
1
Let j = 7 + 29. What is the units digit of j?
6
Let s = 8 + -11. Let t = 3 + s. Suppose u - 2*n - 13 = t, -5*u - 2*n - 5 = -34. What is the units digit of u?
7
Suppose 4*g + 9*z = 4*z, -5*g + 5*z + 45 = 0. Suppose 